Let h be (-4)/(-1) - (4 - 5). Suppose -h*k + 4*k + 432 = 0. Suppose 7*s = s + k. What are the prime factors of s?
2, 3
Let n(a) = 778*a - 49. Suppose -b + 11 = 4*y, -b + 4 - 11 = -5*y. What are the prime factors of n(y)?
11, 137
Let o be 0/(-1 - (2 - 1)). Suppose 2*u + 10 = 4*j, j = -o*j - 2*u. Suppose p = j*p - 11. List the prime factors of p.
11
Let y = -148 - -214. What are the prime factors of ((-710)/4)/((-11)/y)?
3, 5, 71
Suppose -3*q - 18 = -5*q. Suppose 15 = q*o - 4*o. What are the prime factors of 374/12 + o/(-18)?
31
Suppose 1057 = -2*x + 9*x. Suppose d + 298 = 3*d + 4*g, d = -g + x. What are the prime factors of d?
3, 17
Let x(u) = -129*u + 10. Let a be x(7). Let k = 1397 + a. List the prime factors of k.
2, 3, 7
Let d be ((3/(-3))/(-2))/((-2)/(-20)). List the prime factors of -1*d*4466/(-35).
2, 11, 29
What are the prime factors of 12/(-4) - ((2 - 7424) + 13)?
2, 7, 23
Let p(w) = -w**2 - 48*w - 13. Let k(h) = h**2 + 94*h + 25. Let v(q) = -4*k(q) - 7*p(q). List the prime factors of v(-13).
2, 509
Suppose 7150 + 12020 = 6*j. Suppose 0*z = -5*z + j. What are the prime factors of z?
3, 71
Suppose -72 - 39 = -3*s. Let l(j) = j**2 - 36*j + 61. What are the prime factors of l(s)?
2, 7
Suppose 0 = -0*o + 11*o + 39*o - 547950. List the prime factors of o.
3, 13, 281
Let r(b) = -11*b**2 - 4*b + 16. Let j be r(-5). Let l = j - -1001. List the prime factors of l.
2, 3, 127
Let j(n) = -8311*n + 203. What are the prime factors of j(-1)?
2, 3, 11, 43
Let t(q) be the second derivative of 43*q**6/360 - q**5/24 + 10*q**4/3 - 29*q. Let k(d) be the third derivative of t(d). What are the prime factors of k(2)?
167
Let x be 1*(-18 - -12) + (4061 - -1). Suppose -x = -2*w - 4*d, 2*w - 4081 = -21*d + 22*d. List the prime factors of w.
2, 1019
Let b be 5*(-10)/(-75)*-3. What are the prime factors of 187/77 + b - (-5972)/14?
7, 61
Let j(g) = 162*g - 21. Let k be (16/10)/((-8)/(-30)). What are the prime factors of j(k)?
3, 317
Let i(s) be the second derivative of -s**4/12 + 3*s**3/2 - 10*s**2 - 42*s. Let r be i(7). List the prime factors of r - (5 + -10) - -241.
2, 3, 5
Let x be (10/30)/(1 + (-40)/42). Suppose x*g + 100 = 12*g. Suppose 0 = g*f - 4*f - 3472. List the prime factors of f.
7, 31
Suppose 0 = -275*i + 159*i + 3214476. List the prime factors of i.
3, 3079
Let y(c) = -6*c + 193. Let u(t) = -2*t**2 + 10*t. Let p be u(5). What are the prime factors of y(p)?
193
Let m be (1 - -3)/(7 - 5). Suppose -2*p - 3*r = -364, 4*p - m*r = 284 + 412. Suppose 4*o + 4 - p = -4*v, -5*v + 168 = 4*o. What are the prime factors of o?
47
Let h = 4 - -14. Suppose 6*j - 4*j - h = 0. Suppose -j*i = -111 - 114. What are the prime factors of i?
5
Suppose 4*w - 24 = 0, -542*w + 543*w = -7*d + 133314. What are the prime factors of d?
2, 3, 23
Let d(z) = z**3 + 26*z**2 + 25*z + 28. Suppose -4*m - 98 = -2*k - 0*k, 2*k + 102 = -4*m. What are the prime factors of d(m)?
2, 7
Suppose -4*p = 5*s - 45, 4*p = 5*s + 30 + 5. Suppose p*y = 1727 + 3013. What are the prime factors of y?
2, 3, 79
Suppose 927*h = 940*h - 53313. List the prime factors of h.
3, 1367
Suppose 5*l + 34 = 129. Suppose -5*v - 5*d = -d - 28, -20 = -4*v - 4*d. Suppose l*h = 21*h - v. List the prime factors of h.
2
Let t(w) = 7*w + 0*w**2 - 2*w + w**2 + 0*w**2 + 11. Let x = 20 + -14. List the prime factors of t(x).
7, 11
Let m(i) = 16*i**2 + 2*i - 6. Let y be m(4). Suppose -263*w = -y*w - 2490. List the prime factors of w.
2, 3, 83
Let x = 4497 + 2514. What are the prime factors of x?
3, 19, 41
Let u be 2/(-6) + 1397/33. Suppose -u*q - 30 = -48*q. Suppose 4*r + k = 321, 5*r + q*k - 206 - 199 = 0. List the prime factors of r.
2, 5
Suppose 2*l = 205 - 13. Suppose 2*r + r = -5*v + 120, -4*v + 5*r = -l. What are the prime factors of (-12)/v + 370/4?
2, 23
Let v(j) = 8*j + 17. Let k be (-7)/2*4/(-2). Let b be v(k). Let g = 83 - b. What are the prime factors of g?
2, 5
Let i be 3 + -5 + 0 + 5 + -6. List the prime factors of (-9 - (-93)/9) + (-2204)/i.
2, 23
Suppose -2*y = -96*g + 95*g + 454, 907 = 2*g - 5*y. What are the prime factors of g?
2, 3, 19
List the prime factors of 0 - ((22 - 23) + -22846).
11, 31, 67
What are the prime factors of (-11*6/(-462) + 7)*3745?
2, 5, 107
What are the prime factors of 1*6598*(50/(-25) - -4)?
2, 3299
Suppose -2*y = -0*j + 2*j + 4, 2*y = -3*j - 4. Let k(c) = c + 3 + 2*c + 1 + j*c. List the prime factors of k(3).
13
Let x(z) = z**3 - 20*z**2 + 3*z + 21. Let d be x(20). Let r = d + 753. List the prime factors of r.
2, 3, 139
List the prime factors of (5/(100/(-526008)))/(11 + (-791)/70).
2, 7, 31, 101
Let k = 8143 + -4222. What are the prime factors of k?
3, 1307
Let h(i) = -i**2 + i + 22. Let d(c) = 2*c**2 - 3*c - 43. Let x(l) = -2*d(l) - 5*h(l). Let a be x(-18). Suppose 19*r = 16*r + a. What are the prime factors of r?
2, 47
Let o(y) = -141*y**2 + 2*y + 29. Let k be o(7). Let d be 22/(-66) - k/6. List the prime factors of d/10 - (-5)/((-25)/2).
2, 3, 19
Let u(o) = 5*o + 4. Let z(r) = r. Let x = -44 - -38. Let b(j) = x*z(j) + u(j). What are the prime factors of b(-2)?
2, 3
Suppose 3*g - 55*y = -58*y + 85962, g - 3*y - 28666 = 0. List the prime factors of g.
28657
Suppose 4*t = 3*p + 44, -5*t + 32 = 12*p - 10*p. Suppose 0 = t*o - 17*o + 990. List the prime factors of o.
2, 5, 11
Suppose -72 - 288 = -8*u. Let w be u*(5/(-10))/((-15)/18). Suppose -w*i + 531 = -24*i. List the prime factors of i.
3, 59
Suppose 15*q + 12*q - 22*q - 58810 = 0. What are the prime factors of q?
2, 5881
Let x be (-4)/(-10) - 39/(-15). Let p be 2/(((-12)/x)/(-108)). Suppose 14 = -5*f + p. What are the prime factors of f?
2
Suppose 13*m - 13760 = 179208 - 13451. What are the prime factors of m?
3, 4603
What are the prime factors of (21/(-56))/(24/(-264064))?
2, 2063
Let b = -287 - -286. List the prime factors of (4881/(-18) + 2/12)/b.
271
Let i(a) = -116*a + 16. Let f be i(-9). Suppose 3*t = 4*k + f, 4*t = -t - 2*k + 1732. List the prime factors of t.
2, 3, 29
Let t(j) = 2368*j - 4952. List the prime factors of t(12).
2, 7, 419
Let l(r) = 354*r + 421. List the prime factors of l(32).
31, 379
Suppose 3*b = 3*r - 30, 2*r - 4*b + 0*b - 22 = 0. Let o(w) = 0*w - r*w - 50 + w. What are the prime factors of o(-12)?
2, 23
Let i = -59 + 116. Let j = 203 - i. Suppose 2*q + 20 - j = 0. What are the prime factors of q?
3, 7
Let z = -14151 + 26607. List the prime factors of z.
2, 3, 173
Let p be (12/10)/((-2)/(-5)). Let i be 378/(-24) + p/4. List the prime factors of 270 + 1 + i/(-4 + -1).
2, 137
Suppose 3*c - 15 = -0*c, -3*c - 517 = -2*f. Suppose 2*y - 480 = f. List the prime factors of y.
373
Suppose -38*o = -601316 - 742706. What are the prime factors of o?
113, 313
Let j(r) be the second derivative of 0 - 19*r**2 + 9*r - 3/2*r**3. What are the prime factors of j(-11)?
61
Let s(g) be the first derivative of g**3 - 3*g**2 - 7*g + 43. Let m be ((-6)/4)/((-2)/(-4)). List the prime factors of s(m).
2, 19
Let k = -23 + 59. Let m be 1/(-2*(-3)/k). Suppose -f + 3*y = -10, 2*f + 5*y = m*f - 61. What are the prime factors of f?
19
Suppose -5*t = -51 - 74. Let k = t + 63. Suppose -r + 3*m = 2*m - 97, -k = -r - 2*m. What are the prime factors of r?
2, 47
Suppose -2*c = n + 10, 10*n + 5*c + 65 = 5*n. List the prime factors of (n/(-2))/(18/1998).
2, 3, 37
List the prime factors of 180824/20 - 0 - 1*(-9)/(-45).
9041
List the prime factors of (54/(-54))/((-1)/43623*3).
3, 37, 131
Suppose 32*c = -5*k + 33*c + 32717, -5*k - 2*c + 32726 = 0. List the prime factors of k.
2, 409
Suppose 0 - 12 = q + 5*t, -4*t + 12 = -q. What are the prime factors of (2976/(-56))/(q/126)?
2, 3, 31
Let a = -143 - -248. Suppose 0 = -r + 2*i + a, i - 4*i + 486 = 5*r. List the prime factors of r.
3, 11
Let g(h) = 484*h**2 + 25*h - 57. What are the prime factors of g(8)?
3, 11, 23, 41
Suppose 64*r = 9*r + 141295. What are the prime factors of r?
7, 367
Suppose 20*t = -3*q + 15*t + 27341, -t = -2*q + 18249. List the prime factors of q.
2, 4561
What are the prime factors of (419 + -2)/(3/126)?
2, 3, 7, 139
Let j(u) = -109*u - 7. Let c be (-16)/(-32)*((-22)/(-2) + -1). Let r be j(c). What are the prime factors of 10/4*(r/(-20) - 0)?
3, 23
Suppose -24 = -75*p + 87*p. List the prime factors of 52/(-91) + p/(42/(-1125)).
53
Let i = 4730 - 3078. Suppose 71*d + i = 75*d. What a